.
4
0 (base 4) to base 5
0
1 (base 4) to base 12
1
Convert -220 (base 8) to base 3.
-12100
Convert -11 (base 11) to base 5.
-22
21 (base 10) to base 13
18
What is -45 (base 7) in base 6?
-53
-7c (base 15) to base 8
-165
What is -1001 (base 3) in base 8?
-34
What is -e (base 15) in base 7?
-20
Convert -3 (base 13) to base 5.
-3
-5 (base 14) to base 10
-5
What is 3 (base 12) in base 9?
3
Convert 170 (base 11) to base 6.
530
0 (base 5) to base 2
0
524 (base 6) to base 13
121
What is 32 (base 4) in base 5?
24
-79 (base 10) to base 15
-54
13 (base 8) to base 12
b
-100011 (base 2) to base 7
-50
Convert -2 (base 15) to base 4.
-2
-26 (base 7) to base 13
-17
Convert 61 (base 16) to base 9.
117
46 (base 12) to base 6
130
Convert 0 (base 6) to base 4.
0
What is 236 (base 8) in base 11?
134
What is 172 (base 9) in base 4?
2102
26 (base 9) to base 12
20
What is -1 (base 2) in base 5?
-1
What is 24 (base 6) in base 16?
10
Convert 2 (base 16) to base 3.
2
Convert -2 (base 11) to base 14.
-2
Convert -1 (base 6) to base 3.
-1
Convert 174 (base 16) to base 15.
19c
What is -a (base 16) in base 12?
-a
What is 15 (base 15) in base 2?
10100
Convert -102002 (base 3) to base 7.
-605
What is 20 (base 4) in base 13?
8
What is -1d (base 14) in base 15?
-1c
What is -1 (base 16) in base 3?
-1
Convert 24 (base 6) to base 8.
20
What is -1 (base 11) in base 3?
-1
Convert -45 (base 9) to base 14.
-2d
20 (base 4) to base 7
11
Convert 182 (base 9) to base 13.
bc
What is 345 (base 11) in base 3?
120021
What is 3 (base 13) in base 5?
3
1a (base 11) to base 3
210
Convert -5 (base 10) to base 13.
-5
Convert 12 (base 15) to base 9.
18
1 (base 9) to base 15
1
What is -2 (base 8) in base 7?
-2
What is -3 (base 6) in base 11?
-3
What is -472 (base 8) in base 13?
-1b2
What is 23 (base 5) in base 8?
15
What is -12 (base 7) in base 8?
-11
2023 (base 5) to base 11
21a
What is -23 (base 9) in base 15?
-16
1 (base 8) to base 10
1
Convert 1001 (base 2) to base 6.
13
-21 (base 9) to base 3
-201
10 (base 8) to base 14
8
-21 (base 3) to base 7
-10
What is -10122 (base 4) in base 12?
-1b6
What is -110 (base 6) in base 10?
-42
What is -46 (base 7) in base 9?
-37
Convert 87 (base 11) to base 10.
95
What is 21 (base 7) in base 14?
11
-20 (base 3) to base 8
-6
27 (base 8) to base 10
23
Convert 0 (base 3) to base 16.
0
Convert 31 (base 13) to base 16.
28
20 (base 8) to base 10
16
Convert -11020 (base 3) to base 7.
-222
What is 0 (base 9) in base 10?
0
42 (base 8) to base 11
31
What is -58 (base 9) in base 15?
-38
What is 101 (base 3) in base 14?
a
-e (base 15) to base 2
-1110
What is -1 (base 15) in base 16?
-1
Convert -15 (base 13) to base 11.
-17
What is -103 (base 5) in base 14?
-20
What is -9 (base 15) in base 8?
-11
What is -a (base 16) in base 3?
-101
Convert -12 (base 11) to base 15.
-d
1 (base 14) to base 10
1
What is -404 (base 6) in base 11?
-125
What is 1 (base 12) in base 7?
1
What is -37 (base 12) in base 10?
-43
What is 2 (base 7) in base 5?
2
43 (base 12) to base 4
303
-11 (base 12) to base 14
-d
What is 15 (base 6) in base 4?
23
Convert 2 (base 8) to base 3.
2
What is -2 (base 12) in base 11?
-2
Convert 5 (base 11) to base 9.
5
35 (base 16) to base 15
38
What is 98 (base 13) in base 14?
8d
-17a (base 11) to base 7
-415
12 (base 3) to base 4
11
Convert -2 (base 16) to base 2.
-10
10 (base 4) to base 2
100
-118 (base 15) to base 10
-248
Convert -10 (base 5) to base 4.
-11
What is -541 (base 7) in base 13?
-181
What is -b (base 14) in base 4?
-23
Convert -56 (base 9) to base 2.
-110011
Convert -4 (base 13) to base 2.
-100
-10123 (base 4) to base 3
-101111
1 (base 2) to base 10
1
What is 11 (base 10) in base 11?
10
-39 (base 13) to base 10
-48
Convert 24 (base 14) to base 8.
40
What is 3 (base 6) in base 12?
3
Convert -263 (base 12) to base 11.
-300
Convert 3323 (base 4) to base 14.
13d
1 (base 6) to base 11
1
Convert 2 (base 10) to base 15.
2
Convert -4f (base 16) to base 11.
-72
7 (base 14) to base 8
7
-11 (base 6) to base 14
-7
What is -52 (base 14) in base 5?
-242
Convert 132 (base 9) to base 13.
86
Convert 1 (base 12) to base 10.
1
6 (base 13) to base 10
6
What is -3 (base 7) in base 2?
-11
4 (base 12) to base 9
4
What is 1 (base 8) in base 13?
1
What is 10 (base 4) in base 5?
4
What is -2 (base 9) in base 12?
-2
Convert 40 (base 6) to base 9.
26
What is 3 (base 14) in base 9?
3
-20 (base 3) to base 15
-6
10010 (base 3) to base 11
77
-247 (base 12) to base 13
-205
What is -49 (base 16) in base 5?
-243
10211 (base 3) to base 10
103
Convert 11011 (base 2) to base 6.
43
-6 (base 14) to base 9
-6
9 (base 10) to base 8
11
-1 (base 6) to base 3
-1
What is -125 (base 8) in base 14?
-61
Convert 1 (base 15) to base 2.
1
Convert -197 (base 14) to base 10.
-329
What is 1d (base 16) in base 6?
45
-2 (base 5) to base 2
-10
-10 (base 6) to base 14
-6
Convert -20 (base 9) to base 8.
-22
5 (base 11) to base 2
101
Convert 0 (base 6) to base 12.
0
19 (base 10) to base 7
25
a (base 12) to base 15
a
101 (base 2) to base 7
5
-1 (base 4) to base 6
-1
-13 (base 8) to base 4
-23
-1200 (base 5) to base 16
-af
Convert 1 (base 5) to base 16.
1
111110 (base 2) to base 3
2022
-222 (base 4) to base 15
-2c
-2 (base 3) to base 15
-2
Convert -11 (base 13) to base 5.
-24
What is -15 (base 8) in base 6?
-21
-1353 (base 6) to base 13
-216
Convert -28 (base 12) to base 5.
-112
101110 (base 2) to base 3
1201
Convert -15 (base 8) to base 3.
-111
Convert 198 (base 11) to base 9.
273
Convert -11 (base 2) to base 4.
-3
What is -64 (base 12) in base 8?
-114
21 (base 3) to base 10
7
4 (base 10) to base 15
4
What is 10 (base 13) in base 12?
11
Convert -22 (base 15) to base 8.
-40
What is 21 (base 12) in base 5?
100
-1 (base 5) to base 16
-1
Convert 1032 (base 4) to base 10.
78
Convert 6 (base 10) to base 16.
6
Convert 6 (base 12) to base 4.
12
Convert 1110010 (base 2) to base 4.
1302
What is -4 (base 13) in base 2?
-100
Convert 0 (base 3) to base 9.
0
-2 (base 7) to base 14
-2
Convert -4 (base 6) to base 4.
-10
Convert 5 (base 14) to base 4.
11
11 (base 8) to base 4
21
10 (base 2) to base 13
2
What is -38 (base 11) in base 7?
-56
-100 (base 5) to base 14
-1b
Convert 104 (base 5) to base 9.
32
-21022 (base 3) to base 2
-11000101
Convert -4 (base 15) to base 13.
-4
-12 (base 11) to base 6
-21
Convert -11032 (base 4) to base 3.
-110101
What is -4 (base 11) in base 5?
-4
-27 (base 15) to base 4
-211
-6 (base 12) to base 5
-11
3 (base 8) to base 10
3
Convert 0 (base 4) to base 5.
0
Convert 20222 (base 3) to base 8.
274
Convert -1 (base 15) to base 14.
-1
What is -12 (base 10) in base 13?
-c
Convert -23 (base 4) to base 7.
-14
201 (base 6) to base 3
2201
Convert 20 (base 7) to base 11.
13
What is 17 (base 12) in base 11?
18
86 (base 13) to base 9
132
Convert 11002 (base 3) to base 16.
6e
Convert -2 (base 7) to base 15.
-2
What is -20 (base 4) in base 7?
-11
67 (base 13) to base 14
61
What is 38 (base 10) in base 16?
26
Convert -5 (base 6) to base 4.
-11
Convert -227 (base 10) to base 14.
-123
What is -7 (base 12) in base 5?
-12
What is -e (base 16) in base 9?
-15
What is 10 (base 16) in base 4?
100
What is 3 (base 5) in base 8?
3
What is -1 (base 15) in base 10?
-1
What is -17 (base 8) in base 6?
-23
What is -23 (base 15) in base 10?
-33
Convert -1 (base 16) to base 8.
-1
5 (base 8) to base 13
5
Convert -144 (base 6) to base 3.
-2101
3 (base 8) to base 14
3
Convert -2 (base 6) to base 14.
-2
Convert 12 (base 7) to base 9.
10
What is 6 (base 12) in base 7?
6
Convert -1 (base 4) to base 7.
-1
-1 (base 12) to base 14
-1
Convert -10 (base 4) to base 9.
-4
What is 5 (base 6) in base 7?
5
Convert 2 (base 16) to base 13.
2
What is -1 (base 11) in base 4?
-1
What is -72 (base 8) in base 14?
-42
Convert -2 (base 3) to base 16.
-2
Convert -270 (base 10) to base 5.
-2040
Convert -22 (base 6) to base 4.
-32
351 (base 6) to base 14
9d
Convert -41 (base 16) to base 3.
-2102
Convert -2b (base 13) to base 9.
-41
-22 (base 5) to base 16
-c
12 (base 14) to base 13
13
Convert -22 (base 3) to base 8.
-10
Convert -19 (base 11) to base 14.
-16
What is 11 (base 6) in base 15?
7
What is 21 (base 4) in base 12?
9
Convert -43 (base 5) to base 9.
-25
What is 21 (base 5) in base 12?
b
What is -1011 (base 4) in base 5?
-234
Convert -5 (base 15) to base 5.
-